 prime factors of m?
17
Let x be (-6)/(36/(-410)) - 3/9. Suppose -5*l = -3*w + 296, -l + x = -3*w + 348. List the prime factors of w.
2, 23
Let a = 107 + 38. List the prime factors of a.
5, 29
Let o(s) = -28*s - 10. What are the prime factors of o(-9)?
2, 11
Suppose 0 = 3*n + 3*z - 6, -3 + 6 = n + 2*z. Let x = -2 + 1. What are the prime factors of (x*n)/((-6)/324)?
2, 3
Let s = -3 + 6. Suppose -3*x + 44 = -s*q - 487, -5*x + 882 = -4*q. Suppose 3*m - 6*m = -x. List the prime factors of m.
2, 29
Let s(j) = -2*j**2 + 19*j - 10. Let d be s(9). Let v = d - -97. List the prime factors of v.
2, 3
Let k = -2982 + 6511. List the prime factors of k.
3529
Let o = 1421 + 301. What are the prime factors of o?
2, 3, 7, 41
Suppose 3*h - 30 = -2*h + 5*b, 0 = -b. Let s(r) = -2*r + 6. Let g be s(h). Let x = 13 - g. List the prime factors of x.
19
Suppose -3*m - 459 = -z + m, -4*z = m - 1904. What are the prime factors of z?
5, 19
List the prime factors of (0 + (-2320)/(-25))*20.
2, 29
Let j be (3078/(-216))/((-2)/(-8 - 0)). Let s = j - -140. What are the prime factors of s?
83
Suppose -5*v = v - 60. Suppose -13*y + v*y = -225. What are the prime factors of y?
3, 5
Suppose -5*f + 526 = 46. Let h(r) = 2*r**2 - 18*r - 17. Let m be h(10). Suppose 5*t - z = f, 0*t - 22 = -t + m*z. What are the prime factors of t?
19
Let p(q) = q**2 + 7*q - 1. Suppose u - 5 = m, -5*u = 6*m - 3*m - 1. Let w be 0 + u + (-11)/1. What are the prime factors of p(w)?
17
Suppose -22*x + 16*x = -7530. What are the prime factors of x?
5, 251
Let j(s) = s**3 + 30*s**2 + 26*s - 4. Let u be j(-28). Suppose 0 = -2*k - 264 + u. What are the prime factors of k?
2, 11, 13
List the prime factors of ((-4)/(-22) + 51699/(-418))*-2.
13, 19
Suppose -2520 = -j - 4*j. What are the prime factors of j?
2, 3, 7
Let t = 111 + -163. Let b = 27 - t. What are the prime factors of b?
79
What are the prime factors of 26080/64 + 2/4?
2, 3, 17
Suppose 20*k + 676 - 7556 = 0. List the prime factors of k.
2, 43
Suppose 0 = 7*x - 2*x. Suppose x = 5*f - 2*o - 672, 4*f - f = 4*o + 406. Suppose -w - f = -5*a, -142 = -5*a + 5*w - 2*w. What are the prime factors of a?
2, 13
Let k = -781 - -1637. What are the prime factors of k?
2, 107
Suppose -5*x + 45 = 5*s, 0 = -4*s - 2*x - 3*x + 41. Suppose 2*y = s*y. Let m(d) = -d**2 + 20. What are the prime factors of m(y)?
2, 5
Let h(c) = -11*c - 59. What are the prime factors of h(-10)?
3, 17
Let u(f) = 2*f**2 + 11*f - 19. What are the prime factors of u(43)?
2, 3, 173
Suppose -4*k + k + 392 = -d, 5*k + d = 656. List the prime factors of k.
131
Let g = -242 - -158. Let u = -45 - g. What are the prime factors of u?
3, 13
Let l(t) = t - 5. Let r be l(7). Suppose -r*d + 30 = k - 6*d, 177 = 4*k + 3*d. List the prime factors of (k/18)/(1/3).
7
Suppose -2*s - 5*m = 47, -2*m - 54 = 3*s - 0*s. Let d be 1/(2*(-4)/s). Suppose 0 = 3*k + 2*y - 22, k + d*y - 4 = 3*y. What are the prime factors of k?
2, 3
Suppose 5*u + 45 = i, 4*i - 4*u - 209 = -29. Suppose 19*f + 56 + 305 = 0. Let m = f + i. List the prime factors of m.
2, 13
Let l(f) = -245*f - 433. What are the prime factors of l(-4)?
547
Let h be ((-3)/(-4))/(18/48). Suppose -l - 4*l = h*p - 290, -5*l + 4*p = -260. List the prime factors of l.
2, 7
Suppose 0 = -4*a + x - 5 - 18, 5*a - x + 29 = 0. Let d be a + 4 + (-2 - 2). List the prime factors of 22 - (-3 + (-2 - d)).
3, 7
Suppose 2 = -2*c, -7086 = -3*n + 4*c - 14. List the prime factors of n.
2, 19, 31
Let s(l) = l**2 - 5*l - 7. Let h be s(9). Suppose -h = -3*p + 2*b - 3*b, 2*p = -5*b + 15. List the prime factors of p.
2, 5
Let c be (1/2)/(3 + 139/(-46)). Let l be (-174)/11 - (-8)/(-44). Let a = l - c. List the prime factors of a.
7
Let w(l) = -2*l**3 + l**2 + 5*l - 2. Let o be w(3). Let r(q) = 3*q**2 + 28*q - 21. Let a be r(-5). Let v = o - a. List the prime factors of v.
2, 3
Let y(c) = -105*c - 391. List the prime factors of y(-13).
2, 487
What are the prime factors of (0 + (-207)/(-6))*(-112)/(-12)?
2, 7, 23
Let m(p) = 4*p - 16 + 11*p**2 - 3*p + p - 3*p**3 + 2*p**3. Let h be m(11). What are the prime factors of 55/2 - 9/h?
2, 13
Let n(w) = -w**2 + 1 - 3*w + 2*w + 4 - w**3. List the prime factors of n(0).
5
List the prime factors of (-511)/(-1) - (-6 - -2).
5, 103
Let z be (-6)/(-8) - 281/(-4). What are the prime factors of (z/4)/(-7*7/(-196))?
71
Suppose 20750 = 5*o + 2*u, 2*o = 4*u - 4756 + 13080. List the prime factors of o.
2, 3, 173
Suppose -h = -4*h + 57. Let a = 167 - h. What are the prime factors of a?
2, 37
Suppose -590 = -4*h - 5*k - 0*k, 5*h + 3*k - 731 = 0. Let y be 1*5 - (-1 + 1). Suppose -h = -y*m - 60. What are the prime factors of m?
17
Let n(i) = i**3 + 6*i**2 - i - 2. Let b be n(-6). Suppose 2*c + b*k - 5 - 95 = 0, 0 = -4*c - 4*k + 204. List the prime factors of c.
2, 13
Suppose -3*i + 18 - 9 = 0. Suppose -k = -4*z + k + 840, -i*z + k + 628 = 0. List the prime factors of z.
2, 13
Let l be 1516/11 + 42/231. Let o = l + -44. List the prime factors of o.
2, 47
Let x(g) = 407*g - 2. Let l be x(2). Suppose 28 = 6*m - l. Suppose 0*y = 4*y - m. What are the prime factors of y?
5, 7
Let t(f) = f**3 - 7*f**2 - 6*f + 9. Let u(k) = -7*k**3 + 2*k**2 - 1. Let l be (2 - 1)/(0 + -1). Let b be u(l). What are the prime factors of t(b)?
5
Let i = 44 - 48. List the prime factors of (-4)/(-6)*(-6)/i - -5.
2, 3
Suppose 2*n = n + 24. Let g(d) = -d**3 - 2*d**2 + 2*d - 15. Let m be g(-4). Let i = n + m. List the prime factors of i.
3, 11
Suppose -23*y + 3168 = y. List the prime factors of y.
2, 3, 11
Suppose -4*t + 2081 = 357. What are the prime factors of t?
431
Let z(q) = -4*q + 4. Let a be z(-7). Suppose 43 = s - 5*b, -44 - a = -4*s - 4*b. Let v = s + 22. What are the prime factors of v?
3, 5
Suppose 0 = -0*c - 5*c + 20. Suppose -3*k = 4*x - 0*k - 484, 3*x + c*k - 370 = 0. What are the prime factors of x?
2, 59
Suppose 0 = -3*h + 2*q, -4*q = 2*h - 3*q. Suppose 0 = -o - b + 2 - h, -3*o + 14 = -b. Suppose n = o*n - 18. What are the prime factors of n?
2, 3
Let o(p) = 11*p**2 + 11*p - 22. List the prime factors of o(4).
2, 3, 11
Let p = -41 + -10. Let u = -189 - p. What are the prime factors of (-18)/(-63) + u/(-7)?
2, 5
Let s(y) = -97*y + 10. Let v be s(4). Let g = v + 530. What are the prime factors of g?
2, 19
Let y(i) = 18*i + 153. What are the prime factors of y(31)?
3, 79
What are the prime factors of 1093 + 5/(30/(-42)) + 4?
2, 5, 109
Let n(k) = k**3 + 8*k**2 - 4*k - 9. Let f(q) = -5*q - 8. Let m be f(0). What are the prime factors of n(m)?
23
Let o(c) = -c**2 + 10*c + 4. Let z be o(10). Suppose 10 = z*u - 142. What are the prime factors of u?
2, 19
Let x(o) = 9*o**2 - o**3 + 11*o + 8 + 0*o**3 + 0*o**3. Let j be x(10). Suppose 3*u + j + 36 = w, 3*w - u - 122 = 0. What are the prime factors of w?
3, 13
Let l = -75 - -100. Let q be 6/1 + -1 - 2. Suppose -104 = -5*d + q*s, 0*d + l = d - 2*s. List the prime factors of d.
19
Let y(t) = 4*t**2 + 9*t + 22. Let i(r) = r + 1. Let b(f) = -4*i(f) + y(f). List the prime factors of b(-6).
2, 3, 11
What are the prime factors of 2 - 2*10/8*-88?
2, 3, 37
Let q = -29 - -443. List the prime factors of q.
2, 3, 23
Suppose -2*u + 14 + 20 = 0. Let f = u + -3. Suppose -v = -f - 48. List the prime factors of v.
2, 31
Let k(p) = -6*p - 2. Let g be k(-1). Suppose g*w - 3*d - 262 = -3, 5*d + 86 = w. List the prime factors of w.
61
Suppose -4*p = -4*r + 4, -2*p + 3*r + 0 = 5. Suppose 24 - 172 = -p*l. What are the prime factors of l?
2, 37
Let x be 128/22 + 20/110. Suppose -3*p + 2 + 4 = 0. Suppose b - 17 = -p*k, 0 = 5*k - 2*b + x*b - 44. What are the prime factors of k?
2
Let u be 9/(45/10) - -1. Suppose 0 = 3*o - u*y - 216, -3*y - 77 = -5*o + 273. List the prime factors of o.
67
Let f(x) = 6 - x**2 + x - 134*x**3 - 135*x**3 + 272*x**3. What are the prime factors of f(3)?
3
Suppose 15*n - 26407 = 6083. What are the prime factors of n?
2, 3, 19
Let j(k) = k**3 - k**2 - 3*k + 11. What are the prime factors of j(6)?
173
Suppose -2*l + 329 = -1133. List the prime factors of l.
17, 43
Suppose 9*o + 195 = 10*o + 5*g, -210 = -o - 2*g. What are the prime factors of o?
2, 5, 11
Suppose 0 = -2*l + 3*q - 87 + 1470, -4*l - 3*q = -2811. List the prime factors of l.
3, 233
Let f(m) = 46*m**2 + 347*m + 2. List the prime factors of f(-12).
2, 1231
Let c = -294 + 489. Let q = 